{"id":53,"date":"2023-01-25T17:08:52","date_gmt":"2023-01-25T17:08:52","guid":{"rendered":"http:\/\/janadamek.malopolska.pl\/?page_id=53"},"modified":"2023-02-16T16:52:21","modified_gmt":"2023-02-16T16:52:21","slug":"odznaczenia","status":"publish","type":"page","link":"https:\/\/janadamek.malopolska.pl\/index.php\/odznaczenia\/","title":{"rendered":"Odznaczenia"},"content":{"rendered":"\n<p class=\"has-text-align-center\"><a href=\"http:\/\/janadamek.malopolska.pl\/index.php\/\">powr\u00f3t STRONA G\u0141\u00d3WNA<\/a><\/p>\n\n\n\n<figure class=\"wp-block-image size-large is-style-rounded\"><img loading=\"lazy\" decoding=\"async\" width=\"669\" height=\"1024\" src=\"http:\/\/janadamek.malopolska.pl\/wp-content\/uploads\/2023\/02\/JanAdamek-krzyz-669x1024.jpg\" alt=\"\" class=\"wp-image-392\" srcset=\"https:\/\/janadamek.malopolska.pl\/wp-content\/uploads\/2023\/02\/JanAdamek-krzyz-669x1024.jpg 669w, https:\/\/janadamek.malopolska.pl\/wp-content\/uploads\/2023\/02\/JanAdamek-krzyz-196x300.jpg 196w, https:\/\/janadamek.malopolska.pl\/wp-content\/uploads\/2023\/02\/JanAdamek-krzyz.jpg 707w\" sizes=\"auto, (max-width: 669px) 100vw, 669px\" \/><figcaption class=\"wp-element-caption\">Krzy\u017c \u017bo\u0142nierzy Polskich z Ameryki<em> &#8222;Swoim \u017co\u0142nierzom z Ameryki oswobodzona Polska&#8221;<\/em><\/figcaption><\/figure>\n\n\n\n<ul class=\"wp-block-list\">\n<li><a href=\"http:\/\/janadamek.malopolska.pl\/index.php\/dyplom-krzyza-zolnierzy-polskich-z-ameryki\/\">Dyplom krzy\u017ca \u017co\u0142nierzy polskich z Ameryki<\/a><\/li>\n\n\n\n<li><a href=\"http:\/\/janadamek.malopolska.pl\/index.php\/odznaka-pamiatkowa-44-pulku-strzelcow-kresowych\/\">Prawo noszenia odznaki pami\u0105tkowej 44 Pu\u0142ku Strzelc\u00f3w Kresowych<\/a><\/li>\n<\/ul>\n\n\n<div class=\"wp-block-image is-style-default\">\n<figure class=\"aligncenter size-full\"><img loading=\"lazy\" decoding=\"async\" width=\"507\" height=\"840\" src=\"http:\/\/janadamek.malopolska.pl\/wp-content\/uploads\/2023\/02\/Czuwaj.jpg\" alt=\"\" class=\"wp-image-395\" srcset=\"https:\/\/janadamek.malopolska.pl\/wp-content\/uploads\/2023\/02\/Czuwaj.jpg 507w, https:\/\/janadamek.malopolska.pl\/wp-content\/uploads\/2023\/02\/Czuwaj-181x300.jpg 181w\" sizes=\"auto, (max-width: 507px) 100vw, 507px\" \/><figcaption class=\"wp-element-caption\">CZUWAJ<\/figcaption><\/figure>\n<\/div>\n\n<div class=\"wp-block-image\">\n<figure class=\"aligncenter size-full\"><img loading=\"lazy\" decoding=\"async\" width=\"573\" height=\"774\" src=\"http:\/\/janadamek.malopolska.pl\/wp-content\/uploads\/2023\/02\/CZuwaj-awers.jpg\" alt=\"\" class=\"wp-image-396\" srcset=\"https:\/\/janadamek.malopolska.pl\/wp-content\/uploads\/2023\/02\/CZuwaj-awers.jpg 573w, https:\/\/janadamek.malopolska.pl\/wp-content\/uploads\/2023\/02\/CZuwaj-awers-222x300.jpg 222w\" sizes=\"auto, (max-width: 573px) 100vw, 573px\" \/><figcaption class=\"wp-element-caption\">W pi\u0119tnast\u0105 rocznic\u0119 Armji Polskiej w Ameryce &#8211; Sokolnictwo Polskie w Am. <br>1917 &#8211; 1932 <br>DRUCHOM, KT\u00d3RZY NA ZEW SOKOLNICTWA SWE \u017bYCIE PONIE\u015aLI <br>OJCZY\u0179NIE W OFIERZE<\/figcaption><\/figure>\n<\/div>\n\n<div class=\"wp-block-image\">\n<figure class=\"aligncenter size-full\"><img loading=\"lazy\" decoding=\"async\" width=\"588\" height=\"740\" src=\"http:\/\/janadamek.malopolska.pl\/wp-content\/uploads\/2023\/02\/Orzel.jpg\" alt=\"\" class=\"wp-image-460\" srcset=\"https:\/\/janadamek.malopolska.pl\/wp-content\/uploads\/2023\/02\/Orzel.jpg 588w, https:\/\/janadamek.malopolska.pl\/wp-content\/uploads\/2023\/02\/Orzel-238x300.jpg 238w\" sizes=\"auto, (max-width: 588px) 100vw, 588px\" \/><figcaption class=\"wp-element-caption\">Orze\u0142 ochotnik\u00f3w z Ameryki P\u00f3\u0142nocnej do Armii Polskiej we Francji, rok 1917<\/figcaption><\/figure>\n<\/div>\n\n<div class=\"wp-block-image is-style-rounded\">\n<figure class=\"aligncenter size-full\"><img loading=\"lazy\" decoding=\"async\" width=\"356\" height=\"390\" src=\"http:\/\/janadamek.malopolska.pl\/wp-content\/uploads\/2023\/02\/Wpinka.jpg\" alt=\"\" class=\"wp-image-399\" srcset=\"https:\/\/janadamek.malopolska.pl\/wp-content\/uploads\/2023\/02\/Wpinka.jpg 356w, https:\/\/janadamek.malopolska.pl\/wp-content\/uploads\/2023\/02\/Wpinka-274x300.jpg 274w\" sizes=\"auto, (max-width: 356px) 100vw, 356px\" \/><figcaption class=\"wp-element-caption\"><a href=\"https:\/\/www.cafr.ebay.ca\/itm\/155102348297?_trkparms=amclksrc%3DITM%26aid%3D1110006%26algo%3DHOMESPLICE.SIM%26ao%3D1%26asc%3D20201210111314%26meid%3D607cc9c76af846bb91d6c896051693c8%26pid%3D101195%26rk%3D1%26rkt%3D12%26sd%3D175346798652%26itm%3D155102348297%26pmt%3D1%26noa%3D0%26pg%3D2047675%26algv%3DSimplAMLv11WebTrimmedV3MskuWithRevOptLambda85KnnRecallV1AndV6ItemNrtInQueryAndCassiniVisualRanker&amp;_trksid=p2047675.c101195.m1851&amp;amdata=cksum%3A155102348297607cc9c76af846bb91d6c896051693c8%7Cenc%3AAQAHAAABMPc3I89H0AQHQHV%252FOlsMl254OIifOGpM%252BBEVlem%252B%252B9zqkiF5v06l0lZvmgOKI85oqIQoVeqzX5anW3c2z8VQG1s2EXcLUko1slSTch6KegK80F7vxNzjrgLeB2hzasxLLJ9SDd3wgKHItonHTQYrGHE5yFfQFBXl9%252F4maWC8iQ5spF%252FUN6YrKLMh2sVDfW3c4sFjG%252FK2cV9oG0RG2G5kCgeFlCdNvMD61b6OFfjC4Wmg3w30RLpUdG1Mb5v35EZrGfXCMidll4icda5gClq8H5oxhp745Kk4DM9OkGPBPdzQ3kCExZWpDVBDSJAi7IUlVqCtRvwnsvFuOw2Kp3FF3VnMSlKYputni%252BaxRhRVr0WskDdcvFvyaPQKB2k%252Bwxz8N4iWNYQCVJYlfoW9zUKNjqw%253D%7Campid%3APL_CLK%7Cclp%3A2047675\">Antique ZNP Zwiazek Narodowy Polski-Polish National Alliance PNA-Fraternal Pin<\/a><\/figcaption><\/figure>\n<\/div>","protected":false},"excerpt":{"rendered":"<p>powr\u00f3t STRONA G\u0141\u00d3WNA<\/p>\n","protected":false},"author":1,"featured_media":0,"parent":0,"menu_order":0,"comment_status":"closed","ping_status":"closed","template":"","meta":{"footnotes":""},"class_list":["post-53","page","type-page","status-publish","hentry"],"_links":{"self":[{"href":"https:\/\/janadamek.malopolska.pl\/index.php\/wp-json\/wp\/v2\/pages\/53","targetHints":{"allow":["GET"]}}],"collection":[{"href":"https:\/\/janadamek.malopolska.pl\/index.php\/wp-json\/wp\/v2\/pages"}],"about":[{"href":"https:\/\/janadamek.malopolska.pl\/index.php\/wp-json\/wp\/v2\/types\/page"}],"author":[{"embeddable":true,"href":"https:\/\/janadamek.malopolska.pl\/index.php\/wp-json\/wp\/v2\/users\/1"}],"replies":[{"embeddable":true,"href":"https:\/\/janadamek.malopolska.pl\/index.php\/wp-json\/wp\/v2\/comments?post=53"}],"version-history":[{"count":18,"href":"https:\/\/janadamek.malopolska.pl\/index.php\/wp-json\/wp\/v2\/pages\/53\/revisions"}],"predecessor-version":[{"id":461,"href":"https:\/\/janadamek.malopolska.pl\/index.php\/wp-json\/wp\/v2\/pages\/53\/revisions\/461"}],"wp:attachment":[{"href":"https:\/\/janadamek.malopolska.pl\/index.php\/wp-json\/wp\/v2\/media?parent=53"}],"curies":[{"name":"wp","href":"https:\/\/api.w.org\/{rel}","templated":true}]}}