{"id":17,"date":"2023-01-25T16:39:29","date_gmt":"2023-01-25T16:39:29","guid":{"rendered":"http:\/\/janadamek.malopolska.pl\/?page_id=17"},"modified":"2023-02-21T11:31:23","modified_gmt":"2023-02-21T11:31:23","slug":"dokumenty","status":"publish","type":"page","link":"https:\/\/janadamek.malopolska.pl\/index.php\/dokumenty\/","title":{"rendered":"Dokumenty"},"content":{"rendered":"\n<p class=\"has-text-align-center\">powr\u00f3t <a href=\"http:\/\/janadamek.malopolska.pl\/\">STRONA G\u0141\u00d3WNA<\/a><\/p>\n\n\n\n<ul class=\"wp-block-list\">\n<li><a href=\"http:\/\/janadamek.malopolska.pl\/index.php\/dokumenty-jana-adamka\">dokumenty Jana Adamka<\/a><\/li>\n\n\n\n<li><a href=\"http:\/\/janadamek.malopolska.pl\/index.php\/notatki-jana-adamka\">notatki Jana Adamka<\/a><\/li>\n\n\n\n<li><a href=\"http:\/\/janadamek.malopolska.pl\/index.php\/sokolnictwo-polskie-w-ameryce\/\">Sokolnictwo Polskie w Ameryce<\/a><\/li>\n\n\n\n<li><a href=\"http:\/\/janadamek.malopolska.pl\/index.php\/declaration-of-intention\/\">DECLARATION of INTENTION<\/a><\/li>\n\n\n\n<li><a href=\"http:\/\/janadamek.malopolska.pl\/index.php\/stowarzyszenie-weteranow-armii-polskiej\/\">Stowarzyszenie Weteran\u00f3w Armii Polskiej<\/a><\/li>\n\n\n\n<li><a href=\"http:\/\/janadamek.malopolska.pl\/index.php\/zwolnienie-z-czynnej-sluzby-w-szeregach-armji-polskiej\/\">Ministerstwo Spraw Wojskowych Rzeczypospolitej Polskiej<\/a> &#8211; zwolnienie z czynnej s\u0142u\u017cby w szeregach ARMJI POLSKIEJ<\/li>\n\n\n\n<li><a href=\"http:\/\/janadamek.malopolska.pl\/index.php\/notes-z-adresami-znajomych-jana-adamka\">notes z adresami znajomych Jana Adamka<\/a> <\/li>\n\n\n\n<li><a href=\"http:\/\/janadamek.malopolska.pl\/index.php\/zeszyt-z-notatkami-ze-szkolen-wojskowych-we-francji\/\">zeszyt z notatkami ze szkole\u0144 wojskowych we Francji<\/a><\/li>\n\n\n\n<li><a href=\"http:\/\/janadamek.malopolska.pl\/index.php\/artykuly-w-gazetach-polskich-i-amerykanskich\">artyku\u0142y w gazetach polskich i ameryka\u0144skich<\/a><\/li>\n\n\n\n<li><a href=\"http:\/\/janadamek.malopolska.pl\/index.php\/ogloszenia-w-ameryce\">og\u0142oszenia w Ameryce<\/a><\/li>\n\n\n\n<li><a href=\"http:\/\/janadamek.malopolska.pl\/index.php\/korespondencja-koperty\">korespondencja &#8211; koperty<\/a><\/li>\n\n\n\n<li><a href=\"http:\/\/janadamek.malopolska.pl\/index.php\/dokumenty-bankowe\">dokumenty bankowe<\/a><\/li>\n\n\n\n<li><a href=\"http:\/\/janadamek.malopolska.pl\/index.php\/tworczosc-wojskowa\">tw\u00f3rczo\u015b\u0107 wojskowa<\/a><\/li>\n\n\n\n<li><a href=\"http:\/\/janadamek.malopolska.pl\/index.php\/dokumenty-amerykanskie\">dokumenty ameryka\u0144skie<\/a><\/li>\n\n\n\n<li><a href=\"http:\/\/janadamek.malopolska.pl\/index.php\/dokumenty-polskie\">dokumenty polskie<\/a><\/li>\n\n\n\n<li><a href=\"http:\/\/janadamek.malopolska.pl\/index.php\/akordeon-podrecznik\">akordeon &#8211; podr\u0119cznik<\/a><\/li>\n<\/ul>\n\n\n\n<p><\/p>\n","protected":false},"excerpt":{"rendered":"<p>powr\u00f3t STRONA G\u0141\u00d3WNA<\/p>\n","protected":false},"author":1,"featured_media":0,"parent":0,"menu_order":0,"comment_status":"closed","ping_status":"closed","template":"","meta":{"footnotes":""},"class_list":["post-17","page","type-page","status-publish","hentry"],"_links":{"self":[{"href":"https:\/\/janadamek.malopolska.pl\/index.php\/wp-json\/wp\/v2\/pages\/17","targetHints":{"allow":["GET"]}}],"collection":[{"href":"https:\/\/janadamek.malopolska.pl\/index.php\/wp-json\/wp\/v2\/pages"}],"about":[{"href":"https:\/\/janadamek.malopolska.pl\/index.php\/wp-json\/wp\/v2\/types\/page"}],"author":[{"embeddable":true,"href":"https:\/\/janadamek.malopolska.pl\/index.php\/wp-json\/wp\/v2\/users\/1"}],"replies":[{"embeddable":true,"href":"https:\/\/janadamek.malopolska.pl\/index.php\/wp-json\/wp\/v2\/comments?post=17"}],"version-history":[{"count":30,"href":"https:\/\/janadamek.malopolska.pl\/index.php\/wp-json\/wp\/v2\/pages\/17\/revisions"}],"predecessor-version":[{"id":763,"href":"https:\/\/janadamek.malopolska.pl\/index.php\/wp-json\/wp\/v2\/pages\/17\/revisions\/763"}],"wp:attachment":[{"href":"https:\/\/janadamek.malopolska.pl\/index.php\/wp-json\/wp\/v2\/media?parent=17"}],"curies":[{"name":"wp","href":"https:\/\/api.w.org\/{rel}","templated":true}]}}